der when 290 is divided by 110.
70
Calculate the remainder when 274 is divided by 31.
26
What is the remainder when 292 is divided by 33?
28
What is the remainder when 126 is divided by 43?
40
Calculate the remainder when 1043 is divided by 49.
14
Calculate the remainder when 1374 is divided by 369.
267
What is the remainder when 899 is divided by 295?
14
Calculate the remainder when 2637 is divided by 64.
13
Calculate the remainder when 1562 is divided by 1550.
12
What is the remainder when 37 is divided by 8?
5
Calculate the remainder when 186 is divided by 67.
52
Calculate the remainder when 456 is divided by 55.
16
What is the remainder when 4072 is divided by 95?
82
Calculate the remainder when 1011 is divided by 29.
25
Calculate the remainder when 392 is divided by 390.
2
Calculate the remainder when 431 is divided by 6.
5
Calculate the remainder when 1546 is divided by 5.
1
Calculate the remainder when 91 is divided by 15.
1
What is the remainder when 57 is divided by 15?
12
Calculate the remainder when 835 is divided by 122.
103
Calculate the remainder when 483 is divided by 131.
90
Calculate the remainder when 55 is divided by 12.
7
What is the remainder when 192 is divided by 56?
24
What is the remainder when 86 is divided by 38?
10
Calculate the remainder when 174 is divided by 50.
24
What is the remainder when 1008 is divided by 959?
49
What is the remainder when 962 is divided by 27?
17
What is the remainder when 533 is divided by 422?
111
What is the remainder when 265 is divided by 254?
11
Calculate the remainder when 1332 is divided by 89.
86
Calculate the remainder when 73 is divided by 62.
11
Calculate the remainder when 121 is divided by 83.
38
Calculate the remainder when 8755 is divided by 79.
65
What is the remainder when 2067 is divided by 47?
46
Calculate the remainder when 149 is divided by 35.
9
Calculate the remainder when 2365 is divided by 329.
62
What is the remainder when 2261 is divided by 4?
1
What is the remainder when 206 is divided by 21?
17
What is the remainder when 69 is divided by 36?
33
Calculate the remainder when 809 is divided by 27.
26
What is the remainder when 121 is divided by 43?
35
Calculate the remainder when 1750 is divided by 73.
71
Calculate the remainder when 6161 is divided by 67.
64
What is the remainder when 177 is divided by 37?
29
What is the remainder when 765 is divided by 128?
125
Calculate the remainder when 450 is divided by 2.
0
Calculate the remainder when 642 is divided by 315.
12
Calculate the remainder when 266 is divided by 48.
26
What is the remainder when 2221 is divided by 16?
13
What is the remainder when 857 is divided by 28?
17
What is the remainder when 78 is divided by 14?
8
What is the remainder when 440 is divided by 37?
33
What is the remainder when 8211 is divided by 52?
47
Calculate the remainder when 1737 is divided by 354.
321
What is the remainder when 371 is divided by 146?
79
What is the remainder when 260 is divided by 12?
8
Calculate the remainder when 270 is divided by 17.
15
What is the remainder when 360 is divided by 13?
9
Calculate the remainder when 12 is divided by 5.
2
What is the remainder when 131 is divided by 23?
16
What is the remainder when 15162 is divided by 59?
58
What is the remainder when 164 is divided by 39?
8
What is the remainder when 440 is divided by 68?
32
What is the remainder when 358 is divided by 30?
28
Calculate the remainder when 75 is divided by 39.
36
Calculate the remainder when 187 is divided by 47.
46
Calculate the remainder when 66 is divided by 14.
10
Calculate the remainder when 13288 is divided by 30.
28
Calculate the remainder when 137 is divided by 43.
8
What is the remainder when 6616 is divided by 551?
4
Calculate the remainder when 727 is divided by 121.
1
Calculate the remainder when 25772 is divided by 48.
44
Calculate the remainder when 108 is divided by 16.
12
What is the remainder when 552 is divided by 93?
87
What is the remainder when 1491 is divided by 25?
16
What is the remainder when 1865 is divided by 19?
3
What is the remainder when 1148 is divided by 82?
0
Calculate the remainder when 7231 is divided by 134.
129
What is the remainder when 158 is divided by 45?
23
What is the remainder when 279 is divided by 64?
23
Calculate the remainder when 213 is divided by 67.
12
Calculate the remainder when 65 is divided by 37.
28
Calculate the remainder when 80 is divided by 42.
38
What is the remainder when 2683 is divided by 11?
10
Calculate the remainder when 487 is divided by 14.
11
What is the remainder when 177 is divided by 14?
9
Calculate the remainder when 877 is divided by 52.
45
What is the remainder when 205 is divided by 26?
23
Calculate the remainder when 298 is divided by 65.
38
What is the remainder when 1274 is divided by 116?
114
What is the remainder when 449 is divided by 91?
85
Calculate the remainder when 39358 is divided by 32.
30
Calculate the remainder when 29495 is divided by 86.
83
Calculate the remainder when 1278 is divided by 1215.
63
Calculate the remainder when 6180 is divided by 6171.
9
What is the remainder when 463 is divided by 163?
137
Calculate the remainder when 73 is divided by 24.
1
What is the remainder when 1518 is divided by 376?
14
What is the remainder when 27753 is divided by 108?
105
What is the remainder when 2245 is divided by 18?
13
Calculate the remainder when 734 is divided by 193.
155
Calculate the remainder when 115 is divided by 21.
10
Calculate the remainder when 1166 is divided by 581.
4
Calculate the remainder when 125 is divided by 3.
2
What is the remainder when 1162 is divided by 194?
192
Calculate the remainder when 131 is divided by 8.
3
Calculate the remainder when 524 is divided by 25.
24
Calculate the remainder when 37942 is divided by 9.
7
What is the remainder when 176 is divided by 31?
21
Calculate the remainder when 782 is divided by 42.
26
What is the remainder when 106 is divided by 14?
8
What is the remainder when 580 is divided by 289?
2
What is the remainder when 292 is divided by 98?
96
What is the remainder when 1290 is divided by 34?
32
Calculate the remainder when 65 is divided by 35.
30
Calculate the remainder when 1928 is divided by 176.
168
What is the remainder when 983 is divided by 47?
43
What is the remainder when 95 is divided by 25?
20
Calculate the remainder when 899 is divided by 90.
89
Calculate the remainder when 327 is divided by 57.
42
What is the remainder when 331 is divided by 14?
9
Calculate the remainder when 407 is divided by 85.
67
Calculate the remainder when 11135 is divided by 16.
15
What is the remainder when 179 is divided by 54?
17
What is the remainder when 1142 is divided by 22?
20
Calculate the remainder when 91 is divided by 28.
7
What is the remainder when 407 is divided by 10?
7
Calculate the remainder when 808 is divided by 29.
25
Calculate the remainder when 3887 is divided by 108.
107
Calculate the remainder when 274 is divided by 46.
44
What is the remainder when 525 is divided by 83?
27
What is the remainder when 1926 is divided by 384?
6
Calculate the remainder when 91257 is divided by 135.
132
What is the remainder when 103 is divided by 42?
19
Calculate the remainder when 5566 is divided by 32.
30
Calculate the remainder when 856 is divided by 278.
22
Calculate the remainder when 1125 is divided by 42.
33
What is the remainder when 37 is divided by 9?
1
What is the remainder when 589 is divided by 287?
15
Calculate the remainder when 333 is divided by 42.
39
What is the remainder when 431 is divided by 108?
107
Calculate the remainder when 113 is divided by 30.
23
What is the remainder when 655 is divided by 90?
25
Calculate the remainder when 1878 is divided by 484.
426
Calculate the remainder when 3885 is divided by 554.
7
Calculate the remainder when 551 is divided by 13.
5
What is the remainder when 291 is divided by 289?
2
Calculate the remainder when 534 is divided by 86.
18
What is the remainder when 170 is divided by 29?
25
What is the remainder when 49129 is divided by 309?
307
Calculate the remainder when 642 is divided by 81.
75
What is the remainder when 202 is divided by 34?
32
Calculate the remainder when 617 is divided by 104.
97
What is the remainder when 1915 is div